nder when 0 + -1 - (-18)/2 is divided by b.
2
Calculate the remainder when (-7 + (6 - 0))*-139 is divided by 44.
7
Let z(r) = r**3 - 2*r**2 - 9*r + 17. Calculate the remainder when 110 is divided by z(5).
16
Calculate the remainder when 135 is divided by ((-2)/(-7))/((-15)/(-315)).
3
Suppose t - 3 = 1. Let y be (-1 + 20)/(t - 3). Suppose 84 = 5*d + y. What is the remainder when d is divided by 8?
5
Let d(s) = 32*s**2 - 8*s**2 - 4*s - 1 - 2 + s. Suppose u - 71 - 6 = -3*m, 0 = -5*u + 10. Calculate the remainder when d(-2) is divided by m.
24
Let y = 591 + -494. What is the remainder when 211 is divided by y?
17
Let x be -5*(-2 - -1) - -5. Suppose -189 = -x*u + 231. Calculate the remainder when u is divided by 26.
16
What is the remainder when 210 is divided by 1 + -62*(10/4 + -3)?
18
Let r = -1 - -18. Let m(b) = b**3 + 3*b**2. Let x be m(-3). Suppose -3*g = -2*z - 191, -4*g - z - z + 264 = x. What is the remainder when g is divided by r?
14
Let t(g) = 6*g - 3. Let p be t(-4). Suppose -180 = -5*k + 5*q, 4*k + 3*q = 2*q + 159. Let j = p + k. What is the remainder when 47 is divided by j?
11
Let z = 2528 - 2515. Suppose -x + 15 = -28. Calculate the remainder when x is divided by z.
4
Let z(g) = g**2 + 2*g - 17. Let t be z(4). Suppose t*s + 1000 = 17*s. Calculate the remainder when s is divided by 26.
22
Suppose -5*b + 7*b + 150 = 0. Let z be 6/(-9)*b/2. Suppose -z*a + 2 = -24*a. Calculate the remainder when a is divided by 2.
0
Suppose 187 = 26*v - 333. What is the remainder when v is divided by 7?
6
Suppose 0 = -b + 1, 5*c + b + 0*b = 101. Calculate the remainder when 117 is divided by c.
17
Let t = 15 + -4. Calculate the remainder when 174 is divided by t.
9
Suppose -2*w = -6*w + 324. Suppose 5*x = 8*x - w. What is the remainder when x is divided by 16?
11
Let l(g) = g + 12. Let j be l(-10). Suppose -j*a = 3*t + 4 - 19, a - t - 20 = 0. Calculate the remainder when a*1*(-6)/(-5) is divided by 5.
3
Let l = -291 + 311. Calculate the remainder when 139 is divided by l.
19
Suppose -z - n = -6, -3*z + 5*n + 2 = -0. Suppose 5*o - 4*f - 83 = -0*f, 0 = -z*o + 3*f + 66. What is the remainder when o is divided by 6?
3
Let h(k) = k**3 - 15*k**2 + 25*k + 13. Let z be h(13). Suppose z = -a - 3*a + 5*j + 51, -5*a = 5*j - 30. Calculate the remainder when a is divided by 4.
1
Calculate the remainder when 59 is divided by 1/(-9) - (-2 - 190/9).
13
Let j(a) = 6*a - 24. What is the remainder when 86 is divided by j(12)?
38
Suppose -4*t = -3*h - 10 - 14, -3*t - 3*h - 3 = 0. Suppose -g = 4*g, 21 = t*j - 4*g. What is the remainder when j is divided by 3 + (1 - (5 + -5))?
3
Calculate the remainder when (21/(945/(-288)))/(2/(-50)) is divided by 81.
79
Suppose m + 33 = 4*u, -u + 2*m + 19 = 16. Calculate the remainder when 70 is divided by u.
7
Let z(q) = 2*q**2 + 5*q + 5. Let b be z(-5). Let j = -10 + b. Suppose w = -1207 + 1213. What is the remainder when j is divided by w?
2
Let p(c) = 292*c**2 + 15*c - 20. What is the remainder when p(2) is divided by 20?
18
Let v(y) = y**2 - 10*y + 30. Let q = 64 - 23. Calculate the remainder when q is divided by v(9).
20
Suppose 2*q - 38 = g, -g - 9 - 12 = -q. What is the remainder when 80 is divided by q?
12
Let t(b) = -9*b - 19. Let f(n) = 6*n - 4. Let j be f(0). Calculate the remainder when 150 is divided by t(j).
14
Suppose 0 = -6*o + 3*o - 330. Let s = -1 - o. Calculate the remainder when s is divided by 57.
52
Suppose -67*s = -77*s + 770. What is the remainder when 215 is divided by s?
61
Suppose g + 5 = -4*g. Let x be 5 + -5 + 13*g. Calculate the remainder when 51 is divided by (-1 - (-1 + 1))*x.
12
Let q(x) = -x**3 + 2*x**2 + 5*x - 6. Let n be q(3). What is the remainder when 187 is divided by 3/(-1) + n + 50?
46
Let a(w) = -w**3 + 10*w**2 - 10*w. What is the remainder when a(7) is divided by 14?
7
Let a be (-6)/(-2)*45/27. Suppose 2*x - 5 = 5*k + 34, -a*k - 15 = 0. Suppose 28*s = 27*s + 45. Calculate the remainder when s is divided by x.
9
Let y(z) be the second derivative of z**5/20 - 5*z**4/6 - 4*z**3 + 29*z**2/2 - z. What is the remainder when 114 is divided by y(12)?
27
Suppose 0 = -5*r + 3*f + 38 + 5, 5*f = -2*r + 42. Let h = 8 + r. Calculate the remainder when h is divided by -1 + 1 - (-11 + 0).
8
Calculate the remainder when 2/15*5*(-606)/(-4) is divided by 28.
17
Let h(n) = n**3 - 23*n**2 - 22*n + 11. Let z(a) = -a**2 - a + 233. What is the remainder when z(0) is divided by h(24)?
56
Let o = -34 - -54. What is the remainder when 97 is divided by o?
17
Suppose -405 = 5*f - 14*f. What is the remainder when f is divided by 7?
3
Suppose 41 = n - 2*s, n + 8*s - 11*s = 45. Calculate the remainder when n is divided by 7.
5
Let u(t) = 2*t. Let p be (-1 - 3)*(-3)/(-2). Let h be u(p). What is the remainder when 54 is divided by (-150)/h - (-6)/4?
12
Let y(k) = k**3 + 6*k**2 - 11*k - 8. Let c be y(-8). Let m = 11 - c. Calculate the remainder when m is divided by 12.
11
Let i(d) = -d + 2 + 5*d**2 + 3 - 5*d + d**3. Let g = 9 + -7. What is the remainder when i(-6) is divided by g?
1
Let q be 2/(-3 - -4) + 1. Suppose 0*n - n + 23 = 5*c, n - 5*c = q. What is the remainder when n is divided by 4?
1
Let r(l) = -17 + l - 22*l + 3. Let w be r(-4). Let d = 102 - w. What is the remainder when d is divided by 11?
10
Suppose 0 = -0*j + 5*j. Let p(w) = -w**3 - w**2 + 22. Suppose -2*t + 112 = 3*u + 71, 77 = 4*t + 5*u. What is the remainder when p(j) is divided by t?
9
Suppose 850 = l - f, -5*l = f + 3*f - 4295. Calculate the remainder when l is divided by 66.
63
Let i = 181 - 148. What is the remainder when 83 is divided by i?
17
Let j(k) = -k**2 - 7*k + 2. Let c be j(-7). Suppose -c*r = -u - 2*u - 24, 3*r = 2*u + 31. What is the remainder when 52 is divided by r?
7
Calculate the remainder when 269 is divided by 2*56/(-7)*4/(-4).
13
Suppose -2 = -2*b, 2*h - 4*b + 1 = b. Suppose h*y - 9 = 27. Suppose 16*m = -198 + 358. What is the remainder when y is divided by m?
8
Suppose 64 - 142 = -2*t. What is the remainder when 108 is divided by t?
30
Let a(x) = x**2 - 10*x + 8. Calculate the remainder when -1 - -39 - (-4)/(-4) is divided by a(11).
18
Let i(q) = 6*q - 2. Let s be i(1). Let c(x) = 5*x - 2 - s*x + 2*x + 3*x**2. Calculate the remainder when c(-6) is divided by 23.
19
Let z be (9/(-15))/((-1)/(-5)). Calculate the remainder when 103 is divided by ((-7)/7)/(z/63).
19
Suppose 151 = o - 3*y, -5*o - 3*y = y - 698. Calculate the remainder when o is divided by 9 + 1 - (-10)/5.
10
Suppose 4*j + r = -0*r + 269, -4*r - 12 = 0. Calculate the remainder when 338 is divided by j.
66
Let t(g) = g**2 + 9*g + 9. Let r be t(-8). Let d = 5 - r. What is the remainder when 24 + (6 - d - 2) is divided by 13?
11
Suppose -v + 28 = -2. Let f = v + 0. What is the remainder when 119 is divided by f?
29
Let p = -30 + 40. What is the remainder when 6/(-9) - (-258)/9 is divided by p?
8
Let j(s) = 186*s - 2208. Calculate the remainder when 186/2*(-2)/(-2) is divided by j(12).
21
Let p = -10 - -2. Let a = 13 + p. Suppose -41 = -9*c + 22. Calculate the remainder when c is divided by a.
2
Let x be (-1)/3*945/(-9). Suppose 0 = 4*u - 7*u + 75. What is the remainder when u is divided by x/4 - (-4)/16?
7
Suppose -45 = 2*t + t - 2*r, 5*t + 62 = -r. Let c = t + 19. What is the remainder when 10 is divided by c?
4
Suppose -331 = -13*w + 228. What is the remainder when w is divided by 11?
10
What is the remainder when 20 is divided by ((-336)/(-108))/((-4)/(-18))?
6
What is the remainder when 341 is divided by 770/44*(-2 - -4)?
26
Let m = -1121 - -1496. Calculate the remainder when m is divided by 19.
14
Suppose -4*p = -16, 0*t - 31 = -t - 3*p. What is the remainder when 354/5 + 2/10 is divided by t?
14
Let t = -273 + 315. Calculate the remainder when t is divided by 16.
10
Let o(f) = -f**3 + 5*f**2 - 3*f - 2. Let u be o(3). Let z(p) = -13 - 3*p + 4*p - 9*p - u*p. Calculate the remainder when z(-6) is divided by 20.
17
Let b(y) = 6*y**3 + y**2 - y + 1. Let s be ((-2 - 0) + 0)/(2/(-47)). Let z = s - 1. What is the remainder when z is divided by b(1)?
4
Suppose 8 = -5*y - 3*n, y + 3*n = -n - 5. Suppose -3*u = -u - 48. Calculate the remainder when u is divided by (-1 - 19/y)/2.
6
Suppose 91*s = 99*s - 88. Calculate the remainder when 219 is divided by s.
10
Let i be (18/24)/((-1)/